024?
21030
In base 4, what is 333 + 0?
333
In base 14, what is 135 + -4c?
c7
In base 6, what is 231 - 2?
225
In base 8, what is -2125 + 1?
-2124
In base 7, what is 5 + -110?
-102
In base 15, what is -5 + -1cc?
-1d2
In base 5, what is 4031 - 1?
4030
In base 5, what is 14 - -320?
334
In base 2, what is 1101110 + 11?
1110001
In base 2, what is 100001011 - -101?
100010000
In base 16, what is -304 + -1?
-305
In base 9, what is 177 - 1?
176
In base 10, what is -315 - -4?
-311
In base 5, what is 3 - 11404?
-11401
In base 16, what is 5 + 438?
43d
In base 14, what is 6828 + 2?
682a
In base 10, what is -1324 + 3?
-1321
In base 10, what is -13 + 330?
317
In base 14, what is -3 + -458?
-45b
In base 15, what is 4 - -57?
5b
In base 15, what is -261 + -5?
-266
In base 14, what is -24 - -29?
5
In base 15, what is 1 + -1d?
-1c
In base 3, what is -1021002 - 2?
-1021011
In base 5, what is 0 + -34?
-34
In base 2, what is 10010 + 1010010?
1100100
In base 13, what is 32 + -3?
2c
In base 15, what is 4 + 102?
106
In base 5, what is -3430 - 4?
-3434
In base 15, what is 14 - -31?
45
In base 8, what is 2760 + -5?
2753
In base 4, what is 2 - -1?
3
In base 4, what is 11 - 10310?
-10233
In base 14, what is 3c6 + 0?
3c6
In base 10, what is 1 - -200?
201
In base 10, what is 348 - -3?
351
In base 4, what is 10312 + -11?
10301
In base 7, what is -65 + 5?
-60
In base 12, what is -5 - -5a9?
5a4
In base 15, what is 0 - -85?
85
In base 7, what is 104 + -16?
55
In base 15, what is e + 12?
21
In base 14, what is 5 + 52?
57
In base 14, what is 4 + 2d2?
2d6
In base 14, what is -56 - 70?
-c6
In base 7, what is 6 + 14343?
14352
In base 15, what is 0 + 37?
37
In base 13, what is 117 + -1?
116
In base 7, what is 0 - 26?
-26
In base 11, what is -285 + 3?
-282
In base 16, what is 3a - -49?
83
In base 2, what is 0 + 1100001000?
1100001000
In base 2, what is -1 + 100011000?
100010111
In base 4, what is 2 - 132331?
-132323
In base 14, what is 5 - -b88?
b8d
In base 16, what is 13 + e?
21
In base 11, what is -5620 - 2?
-5622
In base 15, what is -7 - 16?
-1d
In base 6, what is -2 - 12122?
-12124
In base 14, what is -8 + -41?
-49
In base 9, what is -1 - -157?
156
In base 5, what is 11 + -2104?
-2043
In base 9, what is 24 - -10?
34
In base 10, what is -63 - -4?
-59
In base 12, what is 6964 - -4?
6968
In base 3, what is 200 + 110?
1010
In base 13, what is b69 + -2?
b67
In base 11, what is 3 - -7?
a
In base 6, what is -3 + -4205?
-4212
In base 2, what is 1 - -1000001101?
1000001110
In base 9, what is -178 + 23?
-155
In base 2, what is 10000 + 10000111010?
10001001010
In base 2, what is -111010 + 110100?
-110
In base 10, what is 4993 - -3?
4996
In base 8, what is 717 + -61?
636
In base 14, what is -109 + -5?
-110
In base 6, what is -50 - 3?
-53
In base 7, what is 1 + 16?
20
In base 2, what is 11010001000 + 10?
11010001010
In base 9, what is 1 + 6380?
6381
In base 12, what is -1412 - 7?
-1419
In base 7, what is 5 + 3155?
3163
In base 8, what is 511 + -25?
464
In base 4, what is -222 + -2021?
-2303
In base 4, what is 3 + -30021?
-30012
In base 6, what is 551 + 0?
551
In base 3, what is 11 + 121222?
122010
In base 8, what is 4 + -4337?
-4333
In base 6, what is -1142 + 10?
-1132
In base 11, what is -6 - 58?
-63
In base 14, what is 1 - 8?
-7
In base 8, what is 4 - -323?
327
In base 16, what is -2 - ec?
-ee
In base 5, what is 2 - 120?
-113
In base 15, what is -5 - 4a?
-50
In base 8, what is 6 + 57?
65
In base 16, what is -52 - 13?
-65
In base 15, what is -25 - -1?
-24
In base 4, what is -22020 + 11?
-22003
In base 15, what is -3d + 204?
1b6
In base 16, what is 3 - -6a?
6d
In base 4, what is -1 - 2332?
-2333
In base 5, what is -4 - 1140?
-1144
In base 11, what is -4 - 24?
-28
In base 13, what is -1 + -315?
-316
In base 14, what is -1 - -22c?
22b
In base 14, what is 1 + -a?
-9
In base 3, what is -1221 - -212?
-1002
In base 10, what is -27 - -16?
-11
In base 13, what is -32 - 4?
-36
In base 11, what is 3 - -70?
73
In base 4, what is -110 + 1033?
323
In base 8, what is -5 - 115?
-122
In base 3, what is 1 - 221?
-220
In base 15, what is 5 - 2da?
-2d5
In base 2, what is 1001010111 + 10?
1001011001
In base 10, what is -26 - 2?
-28
In base 13, what is a - c8?
-bb
In base 3, what is -110002 - -102?
-102200
In base 3, what is 10 + 200?
210
In base 2, what is -10 + 110010?
110000
In base 2, what is 0 + 10010101010?
10010101010
In base 15, what is 6 - -eed?
1004
In base 14, what is -2 - -348?
346
In base 10, what is 0 - -85?
85
In base 8, what is -27 + -25?
-54
In base 13, what is 3 - -bac?
bb2
In base 5, what is 2 - 110?
-103
In base 4, what is 123100 + 10?
123110
In base 12, what is -1b1b - -2?
-1b19
In base 3, what is 220222 + -11?
220211
In base 7, what is -5235 - 6?
-5244
In base 14, what is 33 - -3a?
6d
In base 6, what is 2 + 100?
102
In base 2, what is 100 + -11101000?
-11100100
In base 9, what is 37 + 3?
41
In base 7, what is 465 - 4?
461
In base 3, what is -12 - 112?
-201
In base 13, what is 9 - 661?
-655
In base 14, what is 5 - 99?
-94
In base 7, what is 3 - 140?
-134
In base 12, what is -131 + 4?
-129
In base 10, what is 255 + 2?
257
In base 3, what is -2 + 10102021?
10102012
In base 16, what is -2 + 1f?
1d
In base 9, what is -560 + 15?
-544
In base 11, what is -5 + 116?
111
In base 8, what is -324 - 3?
-327
In base 10, what is -328 + 3?
-325
In base 15, what is 1e + -8?
16
In base 14, what is -3 - 24?
-27
In base 8, what is 3 + -1013?
-1010
In base 8, what is -100576 - 5?
-100603
In base 3, what is 1 + -1010?
-1002
In base 4, what is -2 - -313?
311
In base 15, what is -3 + -49?
-4c
In base 3, what is -12 - -20221?
20202
In base 6, what is -1 + -4210?
-4211
In base 8, what is 1665 - -7?
1674
In base 10, what is -41 - -27?
-14
In base 2, what is 1000110 + 1001011?
10010001
In base 12, what is 62 + -36?
28
In base 2, what is 1 + 110100?
110101
In base 5, what is -100040 + 10?
-100030
In base 14, what is 56 - 5?
51
In base 2, what is 10001 + 1111011?
10001100
In base 7, what is 12503 + 2?
12505
In base 6, what is -5 + 532?
523
In base 11, what is 4a + -18?
32
In base 5, what is 100140 + -4?
100131
In base 5, what is -11 + 20212?
20201
In base 14, what is -9c2 - 4?
-9c6
In base 2, what is 10011 - -11000?
101011
In base 14, what is 33 - -c?
41
In base 13, what is -4b - -1?
-4a
In base 16, what is -1c - 2f?
-4b
In base 15, what is -59e - 4?
-5a3
In base 12, what is 151 + -70?
a1
In base 8, what is -3 + 41?
36
In base 6, what is -21230 + 0?
-21230
In base 7, what is 20620 + 2?
20622
In base 9, what is -545 - -5?
-540
In base 6, what is -111 + 1335?
1224
In base 4, what is 10 + -120?
-110
In base 11, what is 3 - -2?
5
In base 15, what is -3 - 7?
-a
In base 5, what is 3201 - -2?
3203
In base 15, what is b - 80?
-74
In base 3, what is -10 + 2102?
2022
In base 5, what is 3 + 1244?
1302
In base 14, what is 4656 + 4?
465a
In base 14, what is -5 - 53?
-58
In base 10, what is -1032 + 3?
-1029
In base 5, what is -231 + 1?
-230
In base 3, what is 101 - -10022111?
10022212
In base 7, what is 1250 + 22?
1302
In base 7, what is 6 + 135?
144
In base 15, what is -1 + -21?
-22
In base 11, what is 1 + -427?
-426
In base 4, what is 33 - 11?
22
In base 10, what is -42 + 4?
-38
In base 10, what is 163 + 36?
199
In base 3, what is -10 - 22001212?
-22001222
In base 11, what is 5 + -184?
-17a
In base 11, what is -99 + 2?
-97
In base 8, what is 42 - 104?
-42
In base 11, what is 0 + 8a8?
8a8
In base 8, what is 4 + 3206?
3212
In base 5, what is -4 - -1322?
1313
In base 16, what is -5 + 1079?
1074
In base 6, what is 3 - 31?
-24
In base 14, what is 5 + -29?
-24
In base 9, what is 6 + 10?
16
In base 6, what is -5 - -14021?
14012
In base 9, what is 181 - -82?
273
In base 6, what is -204 + 203?
-1
In base 14, what is 4 - -2394?
2398
In base 6, what is -2410 - 5?
-2415
In base 4, what is -3 + -1231?
-1300
In base 5, what is 424 - 0?
424
In base 4, what is -2 + -101221?
-101223
In base 12, what is -3 + -48?
-4b
In base 14, what is -2 - 126?
-128
In base 5, what is -24 - -1?
-23
In base 8, what is -201 - -2?
-177
In base 8, what is 11743 + 1?
11744
In base 7, what is 0 - 221?
-221
In base 13, what is c2 + 2?
c4
In base 4, what is -113 - -20?
-33
In base 6, what is -5000 + 12?
-4544
In base 13, what is -5 - -2?
-3
In base 12, what is 5 + 534?
5